t + 187. Determine v(-6).
13
Let s(w) = -w**2 + 1128*w - 26491. What is s(24)?
5
Let t(f) = 73*f**2 - 290*f - 12. What is t(4)?
-4
Let c(s) = -15*s - 112. Give c(-14).
98
Let q(m) = -4*m - 146. Give q(-21).
-62
Let q(h) = -h**3 + 10*h**2 - 17*h + 173. Calculate q(10).
3
Let v(j) = -j**3 + 8*j**2 - 2*j + 42. Determine v(5).
107
Let n(l) = -47*l + 2070. What is n(44)?
2
Let b(m) = 4*m**3 - 2*m**2 - m + 25. What is b(4)?
245
Let h(l) = 103*l**2 + 20*l - 23. Give h(1).
100
Let t(b) = b**3 - 13*b**2 + 21*b + 22. Determine t(12).
130
Let c(h) = h**3 - 98*h**2 + 1029*h + 298. What is c(86)?
40
Let n(v) = -4*v**2 - 66*v + 39. Determine n(-17).
5
Let f(z) = z**2 + 38*z + 369. Calculate f(-15).
24
Let t(j) = 479*j + 3349. Give t(-7).
-4
Let c(r) = -2*r**2 + 27*r - 38. Calculate c(0).
-38
Let q(s) = s**2 - 118*s + 1015. Give q(109).
34
Let j(d) = 2*d**2 + 91*d + 306. What is j(-41)?
-63
Let f(q) = q**3 + 18*q**2 + 87*q + 31. What is f(-9)?
-23
Let z(p) = -p**3 - 34*p**2 + 74*p + 25. What is z(-36)?
-47
Let r(f) = -109*f - 989. Calculate r(-9).
-8
Let i(g) = -8*g**2 - 32*g + 34. Calculate i(1).
-6
Let k(x) = x**3 + 7*x**2 - 72*x + 65. Calculate k(-13).
-13
Let h(a) = 4*a**2 - 130*a + 37. Calculate h(33).
103
Let t(p) = -p**3 - 135*p**2 - 699*p - 6372. Determine t(-130).
-2
Let h(g) = -11*g + 229. Calculate h(27).
-68
Let i(f) = -f**2 - 23*f + 582. Calculate i(-40).
-98
Let q(p) = 112*p - 413. Calculate q(4).
35
Let i(r) = r**2 + 2*r + 18. Calculate i(8).
98
Let w(z) = 7*z**2 - 129*z - 8. Calculate w(19).
68
Let w(r) = r**3 - 10*r**2 + 22*r - 76. Determine w(9).
41
Let h(x) = x**3 + 20*x**2 + 59*x - 20. Give h(-9).
340
Let i(j) = j**3 + 3*j**2 - 84*j - 163. Determine i(-2).
9
Let h(z) = 2*z**2 + 28*z + 37. Give h(-12).
-11
Let t(j) = 4*j**2 - 883*j + 882. What is t(1)?
3
Let y(w) = 46*w + 582. Calculate y(-7).
260
Let a(f) = f**3 + 36*f**2 + 154*f + 24. Calculate a(-31).
55
Let u(f) = -f**2 - 16*f - 90. Determine u(-9).
-27
Let r(v) = -21*v**2 + 34*v + 4. Determine r(2).
-12
Let d(i) = -291*i - 901. What is d(-3)?
-28
Let c(o) = 97*o**3 - 2*o**2 - 2*o + 2. Determine c(-1).
-95
Let h(n) = 5*n**3 + 5*n**2 + 6*n + 5. Determine h(-3).
-103
Let o(z) = z**3 - 4*z**2 - z - 4. What is o(6)?
62
Let o(i) = -25*i - 102. Determine o(0).
-102
Let q(i) = 4*i**2 + 17*i - 64. Calculate q(2).
-14
Let x(y) = -y**3 - 49*y**2 + 3*y + 165. Determine x(-49).
18
Let r(q) = 93*q**2 - 14*q - 11. What is r(1)?
68
Let o(j) = -3*j**2 - j - 52. Calculate o(0).
-52
Let n(u) = 87*u - 4113. Give n(47).
-24
Let b(w) = 2*w + 141. What is b(-15)?
111
Let x(m) = -m**2 + 38*m - 377. Determine x(19).
-16
Let u(d) = 173*d + 13. Give u(1).
186
Let w(z) = 2*z**3 + z**2 + 5*z + 19. Determine w(0).
19
Let b(u) = 14*u + 237. Determine b(-18).
-15
Let s(p) = -p**3 + 18*p**2 + 10*p + 37. Calculate s(19).
-134
Let v(f) = -6*f**3 + 2*f**2 - 6*f + 23. Calculate v(4).
-353
Let r(m) = -133*m**2 + 535*m - 13. Give r(4).
-1
Let k(j) = 51*j**2 - 12*j + 15. Give k(1).
54
Let r(o) = o**3 + 16*o**2 + 39. Give r(-16).
39
Let r(v) = -4*v**2 - 381*v + 1745. Calculate r(-100).
-155
Let u(b) = -48*b**2 + 3*b - 4. Determine u(1).
-49
Let f(u) = 553*u + 20455. What is f(-37)?
-6
Let n(f) = -2*f**3 + 23*f**2 - 241*f + 1055. Determine n(6).
5
Let p(h) = 7*h**2 - 17. Calculate p(5).
158
Let w(l) = 215*l**2 + 428*l + 2. Give w(-2).
6
Let x(j) = -345*j - 5910. What is x(-17)?
-45
Let f(p) = 784*p + 88592. Calculate f(-113).
0
Let f(q) = q**2 - 30*q + 53. What is f(17)?
-168
Let c(g) = g**3 - 41*g**2 + 116*g + 22. Calculate c(38).
98
Let n(j) = 143*j - 211. Give n(1).
-68
Let r(s) = -49*s**3 + s**2 - 2*s + 2. Calculate r(1).
-48
Let l(q) = -q**3 - 170*q**2 + 1230*q - 1589. Determine l(-177).
4
Let q(d) = d**3 - 31*d**2 + 128*d - 2016. What is q(29)?
14
Let h(c) = -c**3 - 27*c**2 + 39*c + 305. What is h(-28)?
-3
Let f(w) = w**3 - 9*w**2 + 18*w - 37. Calculate f(7).
-9
Let z(d) = d**3 + 6*d**2 - 14*d - 92. Give z(-6).
-8
Let r(l) = -l**2 + 164*l - 6505. What is r(99)?
-70
Let a(f) = -36*f - 519. Give a(-15).
21
Let n(w) = 6*w**3 - 667*w**2 + 99*w + 1322. Determine n(111).
-10
Let g(p) = -p**3 - 28*p**2 - 4*p - 96. What is g(-28)?
16
Let r(k) = 7*k**2 + 103*k + 131. Give r(-16).
275
Let z(l) = 17*l - 41. Calculate z(5).
44
Let r(x) = -x**3 - 16*x**2 + x + 46. Give r(-14).
-360
Let l(n) = -n**3 + 4*n**2 + 34*n + 3. Determine l(8).
19
Let a(k) = -1581*k + 6353. Give a(4).
29
Let a(d) = -1042*d + 12497. Calculate a(12).
-7
Let o(i) = i**3 + 37*i**2 + 72*i + 25. Calculate o(-35).
-45
Let k(q) = 18*q + 164. Calculate k(-13).
-70
Let p(u) = 31*u + 1. Calculate p(-3).
-92
Let i(w) = 11*w**3 - 2*w**2 - 3*w + 4. Give i(1).
10
Let y(x) = 4*x**2 + 48*x + 133. Determine y(-3).
25
Let l(w) = 7*w - 83. What is l(-29)?
-286
Let t(p) = -165*p + 2049. Calculate t(13).
-96
Let r(j) = j**3 - 42*j**2 - 401*j + 62. Calculate r(50).
12
Let h(z) = -19*z - 733. What is h(-39)?
8
Let r(c) = -c**3 + 11*c**2 + 22*c - 53. Give r(11).
189
Let s(b) = 198*b - 10. Determine s(-1).
-208
Let w(i) = -4*i**2 + 381*i + 658. Give w(97).
-21
Let d(z) = z**3 + 157*z**2 - 649*z + 13. Determine d(4).
-7
Let d(x) = -x**3 - 7*x**2 + 10*x + 1. What is d(0)?
1
Let h(c) = -269*c + 3784. What is h(14)?
18
Let b(t) = -2*t**2 - 92*t - 997. Give b(-28).
11
Let a(n) = -n**2 - 6*n + 635. Determine a(-28).
19
Let p(s) = -3*s**3 - 121*s**2 + 98*s - 73. Determine p(-41).
-729
Let x(v) = -33*v - 680. Determine x(-24).
112
Let g(a) = 2401*a + 7197. Give g(-3).
-6
Let z(m) = 4*m**2 + 23*m - 20. Determine z(-6).
-14
Let s(v) = -v**3 - 83*v**2 - 319*v - 241. Give s(-79).
-4
Let k(b) = -b + 18. Determine k(13).
5
Let j(u) = 62*u - 91. Calculate j(5).
219
Let x(l) = -2*l**2 - l + 37. Give x(4).
1
Let u(s) = 2076*s - 99648. Give u(48).
0
Let f(y) = y**3 - 9*y**2 + 31*y - 116. Give f(6).
-38
Let j(u) = 2*u**3 + 85*u**2 + 36*u - 261. Determine j(-42).
-9
Let l(g) = -487*g + 17548. What is l(36)?
16
Let b(h) = -h**3 + 3*h**2 + 53*h + 10. Determine b(10).
-160
Let x(d) = -25*d - 2027. Determine x(-81).
-2
Let p(f) = -9*f**2 - 520*f + 93. Give p(-58).
-23
Let n(q) = -61*q - 541. Calculate n(-9).
8
Let r(g) = 2*g**3 - 2*g**2 + 59*g + 124. Determine r(-2).
-18
Let j(r) = -r**3 + 7*r**2 + 78*r + 5. Give j(13).
5
Let i(z) = -9*z**2 + 5*z - 27. Determine i(0).
-27
Let i(d) = -2*d**3 + 25*d**2 + 36*d + 97. Calculate i(14).
13
Let t(y) = 33*y - 6. Give t(-9).
-303
Let y(f) = -2*f**2 + 11*f + 758. Determine y(-17).
-7
Let k(q) = -640*q + 16010. Determine k(25).
10
Let h(y) = -y**3 + 16*y**2 - 17*y - 32. Calculate h(15).
-62
Let o(z) = 36*z + 4. Calculate o(-4).
-140
Let b(c) = 17*c**2 + 7*c + 11. Give b(-2).
65
Let j(q) = -3*q**2 - 104*q - 516. Calculate j(-6).
0
Let r(u) = -101*u + 2638. Give r(26).
12
Let y(a) = a**2 - 5*a - 5874. What is y(79)?
-28
Let x(w) = -1722*w - 44762. Determine x(-26).
10
Let a(j) = -96*j**2 + 17*j. Determine a(-2).
-418
Let q(p) = 4*p**3 - 14*p**2 - 24*p - 27. What is q(5)?
3
Let v(w) = -128*w + 44. Give v(3).
-340
Let m(s) = -2*s**3 - 94*s**2 - 1109*s - 125. Determine m(-23).
-10
Let y(g) = -g**2 - 6*g - 6. What is y(-4)?
2
Let t(j) = -858*j - 3435. Give t(-4).
-3
Let s(k) = k**3 - 8*k**2 - 45*k + 207. What is s(4)?
-37
Let x(z) = 4*z - 50. Calculate x(12).
-2
Let n(g) = 473*g - 223722. Calculate n(473).
7
Let g(a) = a**3 - 57*a**2 - 598*a + 267. Calculate g(66).
3
Let i(a) = -10*a**3 - a**2 - 5*a + 18. Determine i(2).
-76
Let o(h) = -h**2 + 39*h - 293. What is o(27)?
31
Let c(n) = -3*n**2 - 406*n - 13210. What is c(-81)?
-7
Let z(s) = s**3 + 2*s**2 + 223*s + 1169. What is z(-5)?
-21
Let y(x) = 4*x**2 - 3*x - 517. Calculate y(11).
-66
Let u(x) = -3*x**2 + 11*x + 142. What is u(-9)?
-200
Let r(w) = 416*w + 11640. Determine r(-28).
-8
Let x(a) = 2*a**3 - 98*a**2 + 594*a - 268. Determine x(42).
-16
Let r(q) = -277*q + 3053. Calculate r(11).
6
Let z(q) = 2*q**3 + 13*q**2 - 15*q - 36. Calculate z(-7).
20
Let k(i) = i**2 + 82*i + 455. Determine k(-6).
-1
Let h(j) = 5913*j + 29562. Give h(-5).
-3
Let l(h) = 3*h**2 + 3*h - 2. Determine l(1).
4
Let s(j) = j**3 - 43*j**2 + 41*j + 69. Determine s(42).
27
Let o(g) = g**3 + 22*g**2 - 19*g - 413. What is o(-22)?
5
Let p(h) = -19*h + 327. Determine p(20).
-53
Let j(q) = -q**2 - 32*q + 74. Calculate j(-37).
-111
Let j(t) = -t**3 - t**